te the greatest common divisor of 76 and s.
19
Let p(y) = 30*y + 66. Let n be p(-1). What is the greatest common factor of n and 300?
12
Suppose p = -4*p + 4*v - 700, 5*p + 700 = 3*v. Let j = p - -210. What is the greatest common divisor of j and 10?
10
Let f = -5 + 29. Let s be 138/((f/56)/(8/14)). What is the highest common divisor of s and 23?
23
Let t = 41 + -13. Let p = 121 + -61. Suppose 2*a = t + p. Calculate the highest common factor of 22 and a.
22
Let l(s) = -s**3 - 4*s**2 + s - 4. Let y be l(-5). Suppose 0 = 4*m + y, 3*b = 3*m + 33 - 3. Calculate the greatest common divisor of 6 and b.
6
Let a(p) = 2*p**2 + 35*p + 22. Let f be a(-22). What is the highest common factor of 20 and f?
20
Suppose -9*h + 3565 = -13634. What is the greatest common divisor of h and 39?
39
Let j be (-6)/(12/(-5))*(-2 - -158). Calculate the highest common divisor of j and 702.
78
Let k = -2795 - -2846. What is the greatest common factor of 1275 and k?
51
Suppose 243*d - 246*d = -108. Calculate the highest common divisor of 42 and d.
6
Let z(g) = g**3 - 9*g**2 + 6*g + 2. Let s be z(11). Suppose -4*t = -4*k + 492, -4*k + s = 4*t - 150. Calculate the highest common divisor of 17 and k.
17
Suppose 0 = -f - 3*z + 25, -2*f - 7*z = -3*z - 40. Suppose 0 = 3*y + y + 108. Let p be y*(3 + 38/(-6)). Calculate the highest common factor of p and f.
10
Let r(o) = -5*o**3 - 5*o**2 + 6*o + 8. Let m be r(-4). Let z be m/22 - (-10)/(-55). Calculate the highest common factor of 30 and z.
10
Let z = -150 + 393. What is the highest common factor of z and 108?
27
Suppose -3*a = 2*c - 9, -13 = c + 5*a - 0*a. Let t = -36 - -50. Let o be t/6 + 4/6. What is the highest common factor of o and c?
3
Let i = 1178 - -150. What is the highest common divisor of i and 16?
16
Let p(l) = -l + 20. Suppose -8*h = -13*h. Suppose -4*q - 5*s + 52 = h, -3*q - s + 20 = -q. Let r be p(q). Calculate the greatest common divisor of 84 and r.
12
Let h be -1*12*(-176)/32. What is the greatest common divisor of 2310 and h?
66
Let p(x) = x**2 - 2*x - 8. Let l be p(0). Let f = 40 - l. What is the highest common factor of f and 36?
12
Suppose 20*n + 20 = 25*n. Suppose 5*y + 100 = 410. Let d = y - 42. What is the greatest common divisor of n and d?
4
Let a(l) = 22*l**2 - 2*l + 12*l**2 - 5*l**2. Let z be a(1). What is the greatest common divisor of 18 and z?
9
Let q(d) = -d**3 - 2*d**2 - d + 150. Let o be q(0). Let r be 14/2*(-450)/(-105). What is the highest common divisor of r and o?
30
Suppose -59 = 41*q - 182. What is the highest common divisor of q and 54?
3
Suppose l + 90 = 5*a - 2*l, 5*a + l - 70 = 0. Let z = 6 - -4. What is the highest common divisor of z and a?
5
Suppose 5*h - 64 = 56. Suppose -h = -6*r + 2*r + 5*x, -5*r + 3*x = -43. Let g = 49 + 50. Calculate the highest common divisor of r and g.
11
Let n be 81/15 - (-2)/(-5). Let i(w) = w**2 + 10*w + 23. Let y be i(-5). Let l be y/((-2)/1) + 24 + 10. Calculate the greatest common factor of l and n.
5
Let r = 280 - 243. Calculate the greatest common divisor of r and 185.
37
Let u be (10 - 19)*1/(-9). Let n(v) = -v**2 + 7*v - 2. Let p be n(6). Calculate the highest common factor of u and p.
1
Let t(y) = 3*y**3 - 4*y**2 - 4. Let v(c) = -c**2 - 9*c - 17. Let k be v(-4). Let o be t(k). Calculate the highest common divisor of o and 369.
41
Let l(w) = 2*w**2 - w + 6. Let r be l(6). Suppose 26*i - 420 = -1252. Let c = 50 + i. What is the greatest common divisor of r and c?
18
Let m(q) = -8*q - 1. Let o = -3 + 1. Let z be m(o). Let b be 2695/25 - (-3)/z. What is the highest common divisor of b and 27?
27
Suppose -197*v = -184*v - 1456. What is the highest common factor of v and 256?
16
Let t be (-6)/((-1)/(4/3)). Let u be (-2)/(-3 + 28/t). Let o be (-1)/(-2) + (-274)/u. Calculate the highest common divisor of 23 and o.
23
Suppose 0*r + 4*r - 604 = 0. Suppose -5*t + 274 + r = 0. What is the highest common divisor of 17 and t?
17
Let u = 8 + -6. Suppose 20 = u*m + 3*m. Suppose 3*j + v = 26, -4*j - m*v + 28 = -v. Calculate the highest common factor of j and 25.
5
Let p be (-15)/4*24*(-72)/81. Let q(d) = d - 1. Let r be q(6). Let f be (-153)/(-15) + (-1)/r. What is the highest common divisor of p and f?
10
Suppose 0 = 4*s - 24 - 64. Let j be -1 + (-1456)/(-6) - (-1)/3. What is the greatest common factor of s and j?
22
Let g(q) = 5*q + 139. Let r be g(-21). What is the highest common divisor of 374 and r?
34
Let a = 1 + 1. Let j be a/(-4)*8/(-2). Suppose -j*n = -5*n + 90. What is the greatest common divisor of n and 20?
10
Let k = 1632 - 1575. Calculate the highest common divisor of 1007 and k.
19
Let i(o) = -2*o + 4. Let x be i(-3). Let w = x + -5. Suppose 5*p - 148 = -2*k, -4*k + 50 + 106 = w*p. Calculate the greatest common divisor of 224 and p.
28
Let f be (0 + 12)*9/(-12). Let d = 15 + f. Suppose 3*u + 20 = 5*p, p + u = 2*p - d. What is the highest common divisor of 3 and p?
1
Let y(l) = -l**3 - 16*l**2 + 40*l - 13. Let v be y(-19). Suppose -4*r + r + f = -v, 0 = 2*f - 4. Calculate the highest common factor of 13 and r.
13
Suppose -6*i + 625 = 85. Suppose -5*c - 10 = -60. Calculate the greatest common factor of i and c.
10
Suppose 2*i + 4*o = 216, -4*i + 7*o + 384 = 3*o. Calculate the greatest common divisor of i and 20.
20
Suppose -2*q + 6*q - 444 = 0. Suppose 0 = -36*x + 46*x - 370. What is the highest common divisor of x and q?
37
Suppose -9*l = -10*l + 217. Let o = l + -129. Calculate the highest common factor of o and 11.
11
Let y(c) = -c**3 + 2*c + 2. Let q be y(-4). Let b be (-9 - -12)/(2/q). Suppose -3*j - 24 = -b. What is the greatest common divisor of j and 14?
7
Let d(h) = -96*h - 33. Let u be d(-3). What is the greatest common divisor of u and 51?
51
Suppose 7*n - 24 = 5*n - 4*s, -3*n + 46 = -4*s. Calculate the highest common divisor of n and 896.
14
Let i = -15 - -10. Let c be 5*(-2)/i + 5. Let t = c - 2. Calculate the highest common factor of t and 5.
5
Suppose -s = s + 3*h + 1, -18 = -3*s + 2*h. Let b be 6/(s - 414/105). Calculate the greatest common divisor of 21 and b.
21
Let d = -17 - -23. Let y be 5 - (d/2 + -3). Suppose -2*g - 2*g - 2*q + 680 = 0, -860 = -y*g - 5*q. What is the greatest common divisor of g and 21?
21
Suppose 3*r - 896 = -2*r - 4*x, 4*r - 2*x = 722. Calculate the highest common factor of 420 and r.
60
Let c = 3 + 8. Suppose 6*d - 7 = -d. Suppose 4*v = -z + c, 0 = -4*v - 4*z - 5 + d. Calculate the highest common factor of 8 and v.
4
Let n = 49 + -45. Suppose -n*v = -53 - 11. Calculate the greatest common divisor of 56 and v.
8
Let m(c) = 9*c - 15. Let s be m(1). Let q be (-3481)/4 + 2/8. Let h be q/(-9) - (-4)/s. What is the highest common divisor of h and 12?
12
Suppose 11*f - 366 = 173. What is the greatest common factor of 35 and f?
7
Let h(q) = -q**3 - 3*q**2 - 2*q - 4. Let a be h(-3). Suppose 15*x = 34*x - 76. Suppose -a = -x*b + 2. What is the highest common divisor of b and 8?
1
Let a(q) = q**2 + 12*q + 8. Let o = 3 - -7. Let c be a(o). Suppose 2*k + 15 - 187 = -4*i, -c = -3*k + 4*i. Calculate the greatest common divisor of 32 and k.
16
Suppose 5*u - 4*u = 4. Suppose 2*s - 123 = 5*v, 2*s + 0*v - 120 = u*v. Calculate the greatest common divisor of 18 and s.
18
Let x(k) = -k + 0 - 6*k - 8 + 2*k. Let s be (-9 - -1) + 13 + -11. Let v be x(s). Calculate the greatest common divisor of v and 2.
2
Suppose -856 - 2394 = -13*p. What is the highest common divisor of p and 1125?
125
Let l(q) = -q**3 + 7*q**2 - 8*q - 2. Let k be l(6). Let a = k - -16. Calculate the highest common divisor of 3 and a.
1
Let s be (-3380)/195*(-2)/((-4)/(-117)). Calculate the highest common factor of s and 78.
78
Suppose 13*w - 34*w = -126. Calculate the highest common divisor of w and 282.
6
Let f be 2/3*15*16/32. Suppose 2*n - 21 + 3 = 0. Suppose -n*c + f*c = -16. What is the highest common factor of c and 28?
4
Let l(u) = 2*u**2 + 50*u + 216. Let i be l(-5). Calculate the greatest common factor of 392 and i.
8
Let n(j) = 6*j + 0 + 7*j**2 + 8 + 5*j - 2*j**2. Let v be n(-7). What is the greatest common factor of v and 22?
22
Let z(c) = c + 1. Let i be z(1). Suppose -2*b = i*k + 3*b + 10, k = -5*b - 10. Suppose -2*t + 26 + 8 = k. What is the highest common factor of t and 119?
17
Let z = 29 + -29. Let d(u) = -u**2 - 4*u + 1. Let r be d(-3). Suppose